(-4)/232)?
6
Let u(i) = -i**3 - 8*i**2 - 8*i + 2. Let z be u(-7). Let h = -61 + 82. What is the units digit of 12*(h/z)/7?
4
Let v = 31 - 34. Let k = v - -20. What is the tens digit of k?
1
Let b = 9 - 6. Let v(y) be the first derivative of 2*y**3/3 - y**2/2 - y - 16. What is the tens digit of v(b)?
1
Let c(u) = 186*u - 20. What is the hundreds digit of c(2)?
3
Let y = 34 - -88. Suppose -i + 395 = y. What is the tens digit of i?
7
Suppose -2*d = -2*r - 818, d + r + 1235 = 4*d. Let m = d + -192. What is the hundreds digit of m?
2
Let h = -50 - -405. What is the tens digit of h?
5
Let a(t) = -2*t + 4. Let k be a(3). Suppose -3*l + 4*l - 740 = -4*u, 3*u + l = 554. What is the tens digit of (u/9)/(k/(-3))?
3
Let s(v) = -2*v + 8. Suppose 2*h + 27 = -h. Let m be s(h). Let b = m - 3. What is the units digit of b?
3
Let g(x) = x**3 + 2*x + 10 - 4*x + 4*x**2 + x - 12*x**2. What is the units digit of g(8)?
2
Let d = -136 - -261. What is the units digit of d?
5
Suppose 0 = -0*o - 3*o - 4608. What is the tens digit of (-4)/30 - o/45?
3
What is the tens digit of (2204886/(-712))/((-3)/4)?
2
Suppose 28 + 66 = 2*u. Let b = 207 - u. What is the units digit of 9/(-4)*b/(-15)?
4
Let o = 397 + -287. What is the tens digit of o?
1
Suppose 7*w = 2*w + 50. Suppose -3*p = 5*k - 135, 2*p - 2*k - 3*k - 90 = 0. What is the units digit of p/w - (-3)/(-6)?
4
Suppose 0 = 7*u - 5*u. Suppose -h = -3*h - 4*o + 64, -2*h + o + 44 = u. What is the units digit of h?
4
Suppose -18*u - 4*j = -14*u - 5344, -5*u + 6670 = -5*j. What is the units digit of u?
5
Suppose -v = v - 672. Suppose -v = -4*i - 88. What is the tens digit of i?
6
What is the hundreds digit of (4830/25)/14*195?
6
Let c(b) = -b**2 + 10*b - 7. Let o be 1/((-3)/(-30)) + 2. Let j = 20 - o. What is the units digit of c(j)?
9
Suppose -2*g + 54 = -5*h, 2*g - 3 = -5*h + 11. Let s = g - 13. What is the units digit of (s/8 + -1)*-2?
1
Suppose -4571 = -123*a + 116*a. What is the units digit of a?
3
Let y = -11 - -23. Let v = 16 - y. Suppose p + 42 = v*p. What is the tens digit of p?
1
Suppose 0 = 5*y - 1380 - 2775. What is the tens digit of (-4)/22 + y/33?
2
Suppose -1 = -2*r + 3. Suppose 0 = -r*b + 256 - 72. Let d = b + -52. What is the units digit of d?
0
Suppose -3*g + 3 = -x, 0 = x + 3*x - 2*g - 38. Let o = x + -15. Let t(k) = 2*k**2 - k - 1. What is the tens digit of t(o)?
2
Suppose 4*r = -4*o + 1312, -5*r = -o - 4*r + 326. What is the units digit of o?
7
Let f be 1/3 - 700/12. Let v = -11 - f. What is the units digit of v?
7
What is the units digit of 3/(3/(-4)) + 130?
6
Suppose -4*f - 936 = -4*q, 3*q - 5*f + f = 707. What is the hundreds digit of q?
2
Let w(f) = 11*f - 68. What is the hundreds digit of w(21)?
1
Let p(j) = j**2 - 13. Suppose 11 = -4*d + 5*y, d - 3*y - 60 = 6*d. What is the tens digit of p(d)?
6
Suppose 1 = 2*r - 5*s, r - 2*s - 1 = -0*s. Suppose 2*p - 4 = 0, 0 = -x - 3*p - r - 3. What is the tens digit of (-106)/(-6) + 20/x?
1
Let c(b) = 4*b - 1. Let s be c(-7). Suppose 2*z + 0*r + 16 = -2*r, 0 = 5*z + 2*r + 49. Let d = z - s. What is the units digit of d?
8
Suppose 0 = 4*u + 20, 5*p - 5*u = -6*u - 45. Let k(b) = 6*b + 3. Let y(l) = -l**2 - 1. Let x(r) = k(r) - y(r). What is the units digit of x(p)?
0
Let b = -93 - -528. What is the hundreds digit of b?
4
Let c(f) = -5*f - 181. Let i = -1 + 3. Let z(n) = -n - 36. Let j(o) = i*c(o) - 11*z(o). What is the tens digit of j(0)?
3
Suppose 3*m + 97 - 25 = 0. Let w = m + 30. What is the units digit of w?
6
Suppose -k = -7 - 0. Suppose k*a - 642 = 4*a. Suppose 4*g - a = -5*p, -4*g = -3*p + g + 158. What is the units digit of p?
6
What is the units digit of 172/1*(-46 - -48)?
4
Suppose 8*z = 3*z + 25. Let f = z + -61. Let w = f - -102. What is the tens digit of w?
4
Let l(v) = 4*v**2 - 13*v + 18. Let h be l(10). Let i = -66 + h. What is the units digit of i?
2
Suppose y = 2*k - 6, -3*k = 2*y - 4*y - 9. Suppose -n - 10 = -k*n. Suppose -n*z - 3*i + 65 = 0, 3*i = -i. What is the tens digit of z?
1
Suppose 0 = -5*k + 3*k + 24. Let n = 17 + k. Suppose 0 = 2*b + n - 95. What is the tens digit of b?
3
Let l be 129 - (1*4 - 2). Let q be -6*2/8 + 826/28. Suppose 6*i - 2*i - l = -3*z, -q = -i - 2*z. What is the units digit of i?
4
Let u = -709 - -709. Let n = 10 + -5. Suppose f - 2*h - 36 = u, 2*h = -n*f + 1 + 191. What is the units digit of f?
8
Suppose 0 = 35*d + 21466 - 70116. What is the tens digit of d?
9
Let o(i) = 85*i - 173. What is the thousands digit of o(43)?
3
What is the tens digit of (-66)/44*(-9476)/3?
3
Let j = -2 - -2. Suppose r - 16 - 1 = j. What is the tens digit of r?
1
Let x be 246/4*(-32)/(-12). Suppose -3*k + 0*g = -g - x, 3*k + g - 160 = 0. What is the tens digit of k?
5
Let a(x) = 3316*x - 52. What is the hundreds digit of a(1)?
2
Let y = 780 + -288. What is the units digit of y?
2
Suppose 3*i + 2*o - 985 = 0, 4*i - 1311 = -4*o - o. What is the units digit of i?
9
What is the units digit of 1186/(35/5 + -5)?
3
Let t(h) = 5*h**3 + 5*h**2 - 23*h - 31. Let q(l) = l**3 + l**2 - 6*l - 8. Let f(d) = 9*q(d) - 2*t(d). What is the tens digit of f(-4)?
7
Let r be -3 + (96/(-4))/(-4). Suppose -r = -s + h, -3*h + 18 + 8 = 4*s. Suppose 2*d - 3*o - 60 = 0, d + 3*o - 31 = s*o. What is the tens digit of d?
2
Let h(p) = -p**2 - 65*p + 285. What is the thousands digit of h(-32)?
1
Suppose 0 = -6*l + 13394 + 358. What is the thousands digit of l?
2
Let l(m) = 11*m**2 - 4*m - 6. Let s be l(-6). Suppose -6*g + 9*g - s = 0. What is the units digit of g?
8
Suppose -2*a = a - 36. Suppose 18 - a = 3*p. Suppose 30 = 2*x + 4*k, x - k = p + 28. What is the tens digit of x?
2
What is the units digit of (82/(-6))/(6/(-36))?
2
Let p = 47 - 47. Suppose -2*v - 3*l = -208, -3*v + l + l + 338 = p. What is the hundreds digit of v?
1
Suppose 0 = -4*p + a + 4532, 3*a = 3*p - 3705 + 297. What is the tens digit of p?
3
Let y = -138 + 193. What is the tens digit of y?
5
Let a(q) = 41*q + 455. What is the thousands digit of a(52)?
2
Let b(q) = 3*q**2 + 12*q - 407. What is the units digit of b(-22)?
1
Suppose 879 = k - t, -3*t + 3551 = -8*k + 12*k. What is the tens digit of k?
8
Let w(g) = 90*g**2 - 2*g - 2. Let m be w(-1). Suppose -6*x = -m - 114. What is the tens digit of x?
3
Let p(v) = 35*v**2 - 19*v + 224. What is the hundreds digit of p(8)?
3
Let d = 5 - 7. Let h(z) = -11*z**3 + z**2 - 3*z - 2. What is the tens digit of h(d)?
9
Let j = -43 + -1. What is the units digit of j*(0 + (-4)/8)?
2
Let w(n) = n**2 + 3*n + 3. Let s be w(-4). Let y be 2/s + (-45)/35. What is the units digit of y/(-4) + (-93)/(-12)?
8
Let c(n) = -5*n**3 - 56*n**2 + 21*n - 7. What is the tens digit of c(-15)?
5
Suppose 2*i + i = 2*i. Suppose i = -5*s - 144 + 1234. What is the units digit of s?
8
Let m be 48/(20/5)*-2. Let b = -18 - m. Suppose -b*r - 129 = -9*r. What is the units digit of r?
3
Suppose 3*o + 5*k - 7 - 65 = 0, 0 = k. Let q be (2*-1 - 1) + 1. Let l = o + q. What is the units digit of l?
2
Suppose -5*a + 63 = 4*a. Suppose -9*k + a*k = -90. What is the units digit of k?
5
Let t(v) = -v**3 + 17*v**2 - 2*v - 16. What is the units digit of t(16)?
8
Let r = -59 - -63. Suppose 0*q - 340 = -r*q. What is the tens digit of q?
8
Suppose 71*c - 66*c - 270 = 4*g, -3*g + 108 = 2*c. What is the tens digit of c?
5
Let n(g) = -g**3 - 8*g**2 + 18*g - 10. Let c be n(-10). Suppose -v + 147 = 3*f, 0 = -2*v - 3*f + 289 - c. What is the tens digit of v?
3
What is the hundreds digit of (-9)/1 - (-1039 - 33)?
0
Let h = -25 - -30. Suppose 4*i - 549 = -h*i. What is the units digit of i?
1
Suppose -2*f = -4*f + 6. Suppose -2*a + 17 + 114 = 5*h, f*a + 2*h - 191 = 0. What is the tens digit of a?
6
Suppose -3*l + 9 = -0*l. Suppose z - l*h = 2*z - 251, 5*z = h + 1191. What is the units digit of z?
9
Suppose 0 = 4*w - j - 9263, 5*j + 7721 + 3869 = 5*w. What is the thousands digit of w?
2
Suppose -22*o = -26*o + 2*l + 13718, -4*l = o - 3443. What is the units digit of o?
1
Suppose 1426 - 4258 = -6*y. What is the units digit of y?
2
What is the tens digit of 383561/742 - 1/(-14)?
1
Suppose -2*v + 4*a + 1542 = 0, -13*v - 3*a - 1544 = -15*v. What is the units digit of v?
5
Suppose -f = -5*g + 5984 - 1045, -5*f = 2*g - 1981. What is the hundreds digit of g?
9
Let s be -7*((0 - 1) + 0). Suppose -s = -r + 1. Let o = r + -3. What is th